 14) in base 9?
-3
What is -100 (base 2) in base 3?
-11
110 (base 2) to base 5
11
Convert -5 (base 15) to base 8.
-5
-120 (base 9) to base 3
-10200
What is -3 (base 15) in base 7?
-3
What is -35 (base 8) in base 9?
-32
What is -a3 (base 16) in base 7?
-322
-1 (base 2) to base 12
-1
1 (base 10) to base 3
1
What is 210 (base 7) in base 13?
81
What is -1 (base 9) in base 15?
-1
22 (base 3) to base 9
8
What is -30 (base 4) in base 11?
-11
Convert -1220 (base 3) to base 14.
-39
10 (base 3) to base 10
3
What is 12 (base 8) in base 7?
13
What is 4 (base 6) in base 10?
4
What is 52 (base 14) in base 9?
80
0 (base 11) to base 10
0
What is 0 (base 11) in base 5?
0
42 (base 6) to base 11
24
122 (base 13) to base 2
11000101
Convert -c (base 16) to base 9.
-13
1114 (base 6) to base 13
172
What is 4 (base 7) in base 10?
4
What is 3 (base 5) in base 2?
11
What is -342 (base 8) in base 15?
-101
-101 (base 4) to base 10
-17
Convert 5f (base 16) to base 4.
1133
What is 6 (base 12) in base 4?
12
4 (base 9) to base 2
100
What is 13 (base 16) in base 11?
18
Convert 0 (base 8) to base 13.
0
What is 7c (base 14) in base 16?
6e
Convert 1 (base 7) to base 12.
1
What is 10 (base 4) in base 10?
4
-5 (base 7) to base 11
-5
What is -a1 (base 16) in base 6?
-425
Convert -10 (base 6) to base 5.
-11
5 (base 7) to base 3
12
What is -3 (base 9) in base 7?
-3
-10 (base 2) to base 13
-2
20 (base 3) to base 2
110
What is -38 (base 10) in base 4?
-212
-4 (base 16) to base 6
-4
3 (base 11) to base 16
3
What is -4 (base 15) in base 10?
-4
What is 5 (base 11) in base 7?
5
-4 (base 10) to base 9
-4
-2 (base 9) to base 12
-2
-1204 (base 5) to base 13
-10a
-41 (base 5) to base 6
-33
What is 2e (base 15) in base 10?
44
What is -60 (base 13) in base 8?
-116
What is 17 (base 8) in base 16?
f
What is 10 (base 10) in base 2?
1010
Convert 100100 (base 2) to base 8.
44
Convert 2 (base 11) to base 10.
2
Convert 1 (base 13) to base 4.
1
What is 6 (base 7) in base 10?
6
Convert 82 (base 16) to base 9.
154
Convert -12002 (base 3) to base 2.
-10001001
21 (base 9) to base 6
31
-201 (base 3) to base 2
-10011
Convert 16 (base 7) to base 16.
d
-97 (base 14) to base 2
-10000101
Convert 341 (base 6) to base 9.
157
What is 6 (base 10) in base 14?
6
4 (base 9) to base 8
4
35 (base 8) to base 15
1e
6 (base 15) to base 8
6
What is 0 (base 9) in base 4?
0
Convert 300 (base 7) to base 4.
2103
What is -7 (base 14) in base 3?
-21
Convert -10 (base 2) to base 10.
-2
42 (base 8) to base 15
24
-4 (base 6) to base 7
-4
-10 (base 2) to base 16
-2
What is 8 (base 16) in base 5?
13
Convert -1b0 (base 16) to base 4.
-12300
What is 2 (base 15) in base 16?
2
Convert -130 (base 4) to base 3.
-1001
-9 (base 11) to base 16
-9
What is -1 (base 11) in base 3?
-1
-1 (base 16) to base 10
-1
What is 4 (base 5) in base 8?
4
What is 0 (base 4) in base 11?
0
What is 1 (base 3) in base 16?
1
Convert -102 (base 7) to base 16.
-33
What is -39 (base 15) in base 7?
-105
Convert 2c (base 16) to base 12.
38
What is 10001110 (base 2) in base 15?
97
-5 (base 11) to base 12
-5
What is -28 (base 16) in base 7?
-55
Convert -43 (base 9) to base 4.
-213
Convert -11 (base 2) to base 6.
-3
Convert 2 (base 3) to base 6.
2
What is 3 (base 15) in base 6?
3
1 (base 8) to base 11
1
Convert 12 (base 8) to base 5.
20
Convert 10000 (base 2) to base 15.
11
-13 (base 10) to base 13
-10
What is 45 (base 13) in base 10?
57
What is -102001 (base 3) in base 8?
-452
Convert 19 (base 14) to base 6.
35
What is -5 (base 12) in base 2?
-101
What is 7 (base 12) in base 5?
12
Convert -67 (base 8) to base 2.
-110111
1f (base 16) to base 5
111
Convert 1010011 (base 2) to base 12.
6b
Convert 14 (base 11) to base 13.
12
Convert 5 (base 6) to base 15.
5
8 (base 12) to base 6
12
-5 (base 10) to base 8
-5
What is 33 (base 4) in base 14?
11
Convert 11 (base 14) to base 12.
13
Convert -10 (base 14) to base 10.
-14
Convert 3d (base 14) to base 8.
67
What is -110 (base 3) in base 6?
-20
What is -57 (base 13) in base 3?
-2200
Convert -1 (base 13) to base 2.
-1
Convert 1200 (base 3) to base 6.
113
What is 15 (base 15) in base 2?
10100
167 (base 8) to base 14
87
Convert 2 (base 7) to base 12.
2
What is -12 (base 13) in base 9?
-16
Convert 21200 (base 3) to base 7.
414
-100000110 (base 2) to base 10
-262
What is -221 (base 4) in base 3?
-1112
What is 0 (base 13) in base 14?
0
4f (base 16) to base 12
67
Convert -33 (base 4) to base 7.
-21
What is -6 (base 8) in base 14?
-6
What is 144 (base 6) in base 9?
71
Convert 3a (base 15) to base 9.
61
3 (base 15) to base 16
3
-11 (base 4) to base 2
-101
Convert 9 (base 10) to base 14.
9
Convert -26 (base 8) to base 15.
-17
What is -5 (base 12) in base 5?
-10
Convert 3 (base 15) to base 3.
10
Convert -4 (base 9) to base 7.
-4
18 (base 16) to base 6
40
What is 4 (base 15) in base 9?
4
What is 202 (base 3) in base 4?
110
Convert 4 (base 5) to base 6.
4
-201 (base 3) to base 6
-31
-11 (base 7) to base 11
-8
Convert 4 (base 16) to base 3.
11
55 (base 7) to base 9
44
Convert 110001 (base 2) to base 3.
1211
What is -35 (base 8) in base 12?
-25
What is -120 (base 7) in base 15?
-43
Convert -26 (base 10) to base 9.
-28
6 (base 12) to base 8
6
2210 (base 3) to base 9
83
Convert -220 (base 4) to base 15.
-2a
Convert 25 (base 8) to base 16.
15
-401 (base 6) to base 5
-1040
-a (base 11) to base 14
-a
-1 (base 7) to base 13
-1
Convert -7 (base 10) to base 7.
-10
61 (base 12) to base 6
201
Convert 4 (base 5) to base 11.
4
-b (base 14) to base 2
-1011
Convert -54 (base 11) to base 5.
-214
Convert -11 (base 4) to base 9.
-5
What is -109 (base 10) in base 2?
-1101101
What is -26 (base 8) in base 6?
-34
What is 304 (base 6) in base 8?
160
What is 2 (base 14) in base 12?
2
Convert 27 (base 9) to base 6.
41
3 (base 9) to base 16
3
What is 330 (base 6) in base 9?
150
1 (base 10) to base 6
1
122 (base 3) to base 8
21
Convert d (base 14) to base 6.
21
Convert -1010 (base 4) to base 2.
-1000100
1 (base 2) to base 5
1
Convert -3 (base 4) to base 7.
-3
-52 (base 7) to base 9
-41
20 (base 3) to base 12
6
Convert 13 (base 16) to base 5.
34
Convert 4 (base 8) to base 14.
4
Convert a (base 14) to base 3.
101
-202 (base 12) to base 7
-563
What is -260 (base 7) in base 6?
-352
What is 2 (base 9) in base 11?
2
Convert -1 (base 10) to base 12.
-1
Convert -102 (base 6) to base 5.
-123
Convert -6 (base 11) to base 8.
-6
-2113 (base 4) to base 11
-128
What is 0 (base 4) in base 3?
0
Convert -35 (base 11) to base 9.
-42
b2 (base 12) to base 13
a4
2 (base 14) to base 2
10
Convert 305 (base 6) to base 16.
71
Convert 7 (base 9) to base 3.
21
What is 43 (base 12) in base 6?
123
Convert -33 (base 16) to base 9.
-56
What is 2 (base 13) in base 11?
2
Convert -6 (base 11) to base 2.
-110
17 (base 10) to base 5
32
What is -34 (base 16) in base 15?
-37
What is -112 (base 4) in base 9?
-24
Convert c (base 15) to base 9.
13
2 (base 6) to base 16
2
-2 (base 12) to base 3
-2
-4 (base 7) to base 10
-4
-23 (base 8) to base 7
-25
What is 1 (base 7) in base 2?
1
Convert -1010011 (base 2) to base 14.
-5d
Convert -262 (base 10) to base 12.
-19a
-9 (base 10) to base 6
-13
3 (base 16) to base 6
3
What is 11 (base 6) in base 4?
13
Convert -10023 (base 4) to base 12.
-1a3
What is -1 (base 14) in base 16?
-1
Convert -10111 (base 2) to base 15.
-18
Convert -2 (base 15) to base 4.
-2
What is -1 (base 3) in base 8?
-1
What is 1 (base 5) in base 9?
1
What is -2a (base 12) in base 7?
-46
Convert -31 (base 10) to base 3.
-1011
-2012 (base 5) to base 9
-315
Convert 3c (base 16) to base 13.
48
What is -3 (base 10) in base 7?
-3
What is 3 (base 9) in base 10?
3
What is 19d (base 15) in base 4?
11311
9 (base 13) to base 14
9
-6 (base 11) to base 6
-10
-204 (base 9) to base 15
-b1
6 (base 7) to base 15
6
Convert 102111 (base 3) to base 5.
2220
1 (base 12) to base 8
1
Convert -2001 (base 3) to base 10.
-55
4f (base 16) to base 6
211
What is -8 (base 10) in base 4?
-20
3 (base 7) to base 5
3
Convert -2 (base 16) to base 14.
-2
Convert 1000111 (base 2) to base 10.
71
-35 (base 9) to base 7
-44
Convert -234 (base 6) to base 14.
-6a
Convert -63 (base 11) to base 5.
-234
3 (base 6) to base 14
3
Convert -1115 (base 6) to base 14.
-14b
Convert -6 (base 15) to base 10.
-6
What is -41 (base 14) in base 2?
-111001
What is -